{"id":6321,"date":"2023-08-02T15:21:16","date_gmt":"2023-08-02T15:21:16","guid":{"rendered":"https:\/\/dutchandco.nl\/project\/l-ambassade-royale-des-pays-bas-remporte-l-inter-diplomatic-award-grace-a-une-installation-solaire"},"modified":"2024-10-01T16:24:27","modified_gmt":"2024-10-01T16:24:27","slug":"l-ambassade-royale-des-pays-bas-remporte-l-inter-diplomatic-award-grace-a-une-installation-solaire","status":"publish","type":"project","link":"https:\/\/dutchandco.nl\/fr\/project\/l-ambassade-royale-des-pays-bas-remporte-l-inter-diplomatic-award-grace-a-une-installation-solaire","title":{"rendered":"L &lsquo;ambassade royale des Pays-Bas remporte l&rsquo; Inter Diplomatic Award gr\u00e2ce \u00e0 une installation solaire"},"content":{"rendered":"\n<p>Afin de fournir \u00e0 la r\u00e9sidence de l &lsquo;ambassade royale des Pays-Bas \u00e0 Accra, Ghana une \u00e9nergie durable, propre et abordable, Dutch  Co. a con\u00e7u et r\u00e9alis\u00e9 un syst\u00e8me photovolta\u00efque hybride de 27 kWp. Apr\u00e8s l&rsquo; ex\u00e9cution de l &lsquo; accord EPC ,le syst\u00e8me a \u00e9t\u00e9 r\u00e9compens\u00e9 par un prix inter diplomatique pour le meilleur projet d&rsquo;\u00e9nergie renouvelable. un prix inter diplomatique pour le meilleur projet d&rsquo; \u00e9nergie renouvelable. <\/p>\n\n<p><strong>Plus d&rsquo;informations \u00e0 venir!<\/strong><\/p>\n","protected":false},"featured_media":7278,"template":"","class_list":["post-6321","project","type-project","status-publish","has-post-thumbnail","hentry"],"acf":[],"_links":{"self":[{"href":"https:\/\/dutchandco.nl\/fr\/wp-json\/wp\/v2\/project\/6321","targetHints":{"allow":["GET"]}}],"collection":[{"href":"https:\/\/dutchandco.nl\/fr\/wp-json\/wp\/v2\/project"}],"about":[{"href":"https:\/\/dutchandco.nl\/fr\/wp-json\/wp\/v2\/types\/project"}],"version-history":[{"count":1,"href":"https:\/\/dutchandco.nl\/fr\/wp-json\/wp\/v2\/project\/6321\/revisions"}],"predecessor-version":[{"id":6322,"href":"https:\/\/dutchandco.nl\/fr\/wp-json\/wp\/v2\/project\/6321\/revisions\/6322"}],"wp:featuredmedia":[{"embeddable":true,"href":"https:\/\/dutchandco.nl\/fr\/wp-json\/wp\/v2\/media\/7278"}],"wp:attachment":[{"href":"https:\/\/dutchandco.nl\/fr\/wp-json\/wp\/v2\/media?parent=6321"}],"curies":[{"name":"wp","href":"https:\/\/api.w.org\/{rel}","templated":true}]}}

L &lsquo;ambassade royale des Pays-Bas remporte l&rsquo; Inter Diplomatic Award grâce à une installation solaire

<p>Afin de fournir à la résidence de l &lsquo;ambassade royale des Pays-Bas à Accra, Ghana une énergie durable, propre et abordable, Dutch  Co. a conçu et réalisé un système photovoltaïque hybride de 27 kWp. Après l&rsquo; exécution de l &lsquo; accord EPC ,le système a été récompensé par un prix inter diplomatique pour le meilleur projet d&rsquo;énergie renouvelable. un prix inter diplomatique pour le meilleur projet d&rsquo; énergie renouvelable. </p>

<p><strong>Plus d&rsquo;informations à venir!</strong></p>
